{"version":"1.0","provider_name":"Zwischenraum Rheydt","provider_url":"https:\/\/zwischenraum-rheydt.de","author_name":"Uli","author_url":"https:\/\/zwischenraum-rheydt.de\/index.php\/author\/admin_uli\/","title":"\"WirkFluss\" Wally L\u00fcck - Zwischenraum Rheydt","type":"rich","width":600,"height":338,"html":"<blockquote class=\"wp-embedded-content\" data-secret=\"Ot3RE8nQG2\"><a href=\"https:\/\/zwischenraum-rheydt.de\/index.php\/2020\/07\/05\/ausstellung-wally-lueck\/\">&#8222;WirkFluss&#8220; Wally L\u00fcck<\/a><\/blockquote><iframe sandbox=\"allow-scripts\" security=\"restricted\" src=\"https:\/\/zwischenraum-rheydt.de\/index.php\/2020\/07\/05\/ausstellung-wally-lueck\/embed\/#?secret=Ot3RE8nQG2\" width=\"600\" height=\"338\" title=\"&#8222;&#8222;WirkFluss&#8220; Wally L\u00fcck&#8220; &#8211; Zwischenraum Rheydt\" data-secret=\"Ot3RE8nQG2\" frameborder=\"0\" marginwidth=\"0\" marginheight=\"0\" scrolling=\"no\" class=\"wp-embedded-content\"><\/iframe><script type=\"text\/javascript\">\n\/*! This file is auto-generated *\/\n!function(c,d){\"use strict\";var e=!1,o=!1;if(d.querySelector)if(c.addEventListener)e=!0;if(c.wp=c.wp||{},c.wp.receiveEmbedMessage);else if(c.wp.receiveEmbedMessage=function(e){var t=e.data;if(!t);else if(!(t.secret||t.message||t.value));else if(\/[^a-zA-Z0-9]\/.test(t.secret));else{for(var r,s,a,i=d.querySelectorAll('iframe[data-secret=\"'+t.secret+'\"]'),n=d.querySelectorAll('blockquote[data-secret=\"'+t.secret+'\"]'),o=new RegExp(\"^https?:$\",\"i\"),l=0;l<n.length;l++)n[l].style.display=\"none\";for(l=0;l<i.length;l++)if(r=i[l],e.source!==r.contentWindow);else{if(r.removeAttribute(\"style\"),\"height\"===t.message){if(1e3<(s=parseInt(t.value,10)))s=1e3;else if(~~s<200)s=200;r.height=s}if(\"link\"===t.message)if(s=d.createElement(\"a\"),a=d.createElement(\"a\"),s.href=r.getAttribute(\"src\"),a.href=t.value,!o.test(a.protocol));else if(a.host===s.host)if(d.activeElement===r)c.top.location.href=t.value}}},e)c.addEventListener(\"message\",c.wp.receiveEmbedMessage,!1),d.addEventListener(\"DOMContentLoaded\",t,!1),c.addEventListener(\"load\",t,!1);function t(){if(o);else{o=!0;for(var e,t,r,s=-1!==navigator.appVersion.indexOf(\"MSIE 10\"),a=!!navigator.userAgent.match(\/Trident.*rv:11\\.\/),i=d.querySelectorAll(\"iframe.wp-embedded-content\"),n=0;n<i.length;n++){if(!(r=(t=i[n]).getAttribute(\"data-secret\")))r=Math.random().toString(36).substr(2,10),t.src+=\"#?secret=\"+r,t.setAttribute(\"data-secret\",r);if(s||a)(e=t.cloneNode(!0)).removeAttribute(\"security\"),t.parentNode.replaceChild(e,t);t.contentWindow.postMessage({message:\"ready\",secret:r},\"*\")}}}}(window,document);\n<\/script>\n","description":"Der Ausstellungszeitraum wurde verl\u00e4ngert bis zum 20. Oktober 2020! Seit September 2020 ist die M\u00f6nchengladbacher K\u00fcnstlerin Wally L\u00fcck mit ihrer neuen Ausstellung im ZWISCHENRAUM zu sehen. Lasst Euch diese spannende und tiefsinnige Ausstellung der Bildenden K\u00fcnstlerin nicht entgehen. In der&hellip; Weiterlesen &rarr;","thumbnail_url":"https:\/\/zwischenraum-rheydt.de\/wp-content\/uploads\/2020\/08\/flyer-Wally-final-1.png"}

"WirkFluss" Wally Lück - Zwischenraum Rheydt

<blockquote class="wp-embedded-content" data-secret="Ot3RE8nQG2"><a href="https://zwischenraum-rheydt.de/index.php/2020/07/05/ausstellung-wally-lueck/">&#8222;WirkFluss&#8220; Wally Lück</a></blockquote><iframe sandbox="allow-scripts" security="restricted" src="https://zwischenraum-rheydt.de/index.php/2020/07/05/ausstellung-wally-lueck/embed/#?secret=Ot3RE8nQG2" width="600" height="338" title="&#8222;&#8222;WirkFluss&#8220; Wally Lück&#8220; &#8211; Zwischenraum Rheydt" data-secret="Ot3RE8nQG2" frameborder="0" marginwidth="0" marginheight="0" scrolling="no" class="wp-embedded-content"></iframe><script type="text/javascript">
/*! This file is auto-generated */
!function(c,d){"use strict";var e=!1,o=!1;if(d.querySelector)if(c.addEventListener)e=!0;if(c.wp=c.wp||{},c.wp.receiveEmbedMessage);else if(c.wp.receiveEmbedMessage=function(e){var t=e.data;if(!t);else if(!(t.secret||t.message||t.value));else if(/[^a-zA-Z0-9]/.test(t.secret));else{for(var r,s,a,i=d.querySelectorAll('iframe[data-secret="'+t.secret+'"]'),n=d.querySelectorAll('blockquote[data-secret="'+t.secret+'"]'),o=new RegExp("^https?:$","i"),l=0;l<n.length;l++)n[l].style.display="none";for(l=0;l<i.length;l++)if(r=i[l],e.source!==r.contentWindow);else{if(r.removeAttribute("style"),"height"===t.message){if(1e3<(s=parseInt(t.value,10)))s=1e3;else if(~~s<200)s=200;r.height=s}if("link"===t.message)if(s=d.createElement("a"),a=d.createElement("a"),s.href=r.getAttribute("src"),a.href=t.value,!o.test(a.protocol));else if(a.host===s.host)if(d.activeElement===r)c.top.location.href=t.value}}},e)c.addEventListener("message",c.wp.receiveEmbedMessage,!1),d.addEventListener("DOMContentLoaded",t,!1),c.addEventListener("load",t,!1);function t(){if(o);else{o=!0;for(var e,t,r,s=-1!==navigator.appVersion.indexOf("MSIE 10"),a=!!navigator.userAgent.match(/Trident.*rv:11\./),i=d.querySelectorAll("iframe.wp-embedded-content"),n=0;n<i.length;n++){if(!(r=(t=i[n]).getAttribute("data-secret")))r=Math.random().toString(36).substr(2,10),t.src+="#?secret="+r,t.setAttribute("data-secret",r);if(s||a)(e=t.cloneNode(!0)).removeAttribute("security"),t.parentNode.replaceChild(e,t);t.contentWindow.postMessage({message:"ready",secret:r},"*")}}}}(window,document);
</script>

Der Ausstellungszeitraum wurde verlängert bis zum 20. Oktober 2020! Seit September 2020 ist die Mönchengladbacher Künstlerin Wally Lück mit ihrer neuen Ausstellung im ZWISCHENRAUM zu sehen. Lasst Euch diese spannende und tiefsinnige Ausstellung der Bildenden Künstlerin nicht entgehen. In der&hellip; Weiterlesen &rarr;
