{"id":23,"date":"2020-01-21T13:16:38","date_gmt":"2020-01-21T13:16:38","guid":{"rendered":"https:\/\/zwischenraum-rheydt.de\/?page_id=23"},"modified":"2022-03-20T10:38:55","modified_gmt":"2022-03-20T10:38:55","slug":"stimmen-der-menschen","status":"publish","type":"page","link":"https:\/\/zwischenraum-rheydt.de\/index.php\/stimmen-der-menschen\/","title":{"rendered":"Stimmen der Menschen"},"content":{"rendered":"\n<div class=\"wp-container-7 wp-block-group\"><div class=\"wp-block-group__inner-container\">\n<hr class=\"wp-block-separator\"\/>\n\n\n\n<blockquote class=\"wp-block-quote is-style-large\"><p>&#8230; unsere Ank\u00fcndigung, dass wir Hilfe brauchen, um das Projekt ZWISCHENRAUM Rheydt auch 2022 und dar\u00fcber hinaus fortf\u00fchren zu k\u00f6nnen, l\u00f6ste viele Emotionen aus &#8230;<\/p><p><\/p><cite>Uli Wateler, <br>GF der matchingGenerations GmbH &amp; Co. KG<br>Der Mensch hinter dem ZWISCHENRAUM<\/cite><\/blockquote>\n\n\n\n<p><\/p>\n\n\n\n<figure class=\"wp-container-2 wp-block-gallery-1 wp-block-gallery aligncenter columns-1 is-cropped\"><ul class=\"blocks-gallery-grid\"><li class=\"blocks-gallery-item\"><figure><img loading=\"lazy\" width=\"1024\" height=\"762\" src=\"https:\/\/zwischenraum-rheydt.de\/wp-content\/uploads\/2022\/03\/Crowfunding-Feedbackphase-1024x762.png\" alt=\"\" data-id=\"1141\" data-full-url=\"https:\/\/zwischenraum-rheydt.de\/wp-content\/uploads\/2022\/03\/Crowfunding-Feedbackphase.png\" data-link=\"https:\/\/zwischenraum-rheydt.de\/index.php\/stimmen-der-menschen\/crowfunding-feedbackphase\/#main\" class=\"wp-image-1141\" srcset=\"https:\/\/zwischenraum-rheydt.de\/wp-content\/uploads\/2022\/03\/Crowfunding-Feedbackphase-1024x762.png 1024w, https:\/\/zwischenraum-rheydt.de\/wp-content\/uploads\/2022\/03\/Crowfunding-Feedbackphase-300x223.png 300w, https:\/\/zwischenraum-rheydt.de\/wp-content\/uploads\/2022\/03\/Crowfunding-Feedbackphase-768x572.png 768w, https:\/\/zwischenraum-rheydt.de\/wp-content\/uploads\/2022\/03\/Crowfunding-Feedbackphase.png 1100w\" sizes=\"(max-width: 1024px) 100vw, 1024px\" \/><\/figure><\/li><\/ul><figcaption class=\"blocks-gallery-caption\">Unser geplantes Crowdfunding ist schon vorab zu finden auf                                                  <br><a rel=\"noreferrer noopener\" aria-label=\"https:\/\/www.startnext.com\/mit-zwischenraum-2022-meistern (\u00f6ffnet in neuem Tab)\" href=\"https:\/\/www.startnext.com\/mit-zwischenraum-2022-meistern\" target=\"_blank\">https:\/\/www.startnext.com\/mit-zwischenraum-2022-meistern<\/a><\/figcaption><\/figure>\n\n\n\n<hr class=\"wp-block-separator\"\/>\n\n\n\n<hr class=\"wp-block-separator\"\/>\n\n\n\n<hr class=\"wp-block-separator\"\/>\n\n\n\n<blockquote class=\"wp-block-quote is-style-default\"><p><strong>Unsere Fragen waren:<\/strong><\/p><p>Was bedeutet f\u00fcr Dich der ZWISCHENRAUM Rheydt?<\/p><p>Was w\u00e4re, wenn der  <em>ZWISCHENRAUM Rheydt<\/em> auf einmal nicht mehr da w\u00e4re?<\/p><p><strong>Einige der Antworten seht ihr nachfolgend: &#8230; <\/strong><\/p><\/blockquote>\n\n\n\n<p> <\/p>\n\n\n\n<p>Martine <\/p>\n\n\n\n<p>&#8230; f\u00fcr mich ein wichtiger Treffpunkt im Bereich Kunst und sozialem Kontakt um mich weiter zu entwickeln. Ohne ZWISCHENRAUM w\u00fcrde mir etwas fehlen.<\/p>\n\n\n\n<p>Sabrina <\/p>\n\n\n\n<p>&#8230; f\u00fcr mich ein wichtiger Ort der Begegnung und der Ver\u00e4nderungen an denen man teilhaben kann &#8230; ein Ort an dem Hautfarbe und Alter keine Rolle spielen, sich die Leute so akzeptieren wie sie sind und respektvoll miteinander umgehen. Ein Ort wo MITEINANDER gro\u00dfgeschrieben wird.  Ohne den Zwischenraum w\u00e4re es auf einmal sehr still. <\/p>\n\n\n\n<p>Olga<\/p>\n\n\n\n<p>&#8230; ein Ort um Neuigkeiten zu erfahren, auch was die Entwicklung der Innenstadt betrifft. Hier kann ich interessante Gespr\u00e4che f\u00fchren, eigentlich der einzige Ort der mir einf\u00e4llt&#8230;<\/p>\n\n\n\n<p>Elgin<\/p>\n\n\n\n<p>&#8230; f\u00fcr mich eine Begegnungsst\u00e4tte von alt und jung geworden. Viele gute Gespr\u00e4che mit netten Menschen und auch Anregungen f\u00fcr neue Dinge auszuprobieren, habe ich dort erfahren. Wenn es den Zwischenraum nicht mehr g\u00e4be, w\u00fcrde mir ein St\u00fcck Lebensqualit\u00e4t fehlen. &#8230;<\/p>\n\n\n\n<p>Vinod und Edith<\/p>\n\n\n\n<p>Das Projekt Zwischenraum ist ein\u00a0 \u00a0 Licht &#8211; Blick.  So nah, ein kleiner, abwechslungsreicher Garten der Kunst.  Sozusagen, ein Schatz in unserer Stadt.  Die Idee und das Konzept in Ihrer Darbietung muss man erleben.  In diesem Sinne unbedingt weitermachen. <\/p>\n\n\n\n<p>Felix <\/p>\n\n\n\n<p>Der ZWISCHENRAUM Rheydt ist ein kreativer und offener Ort, an dem Kunst, Arbeit, Bildung und Begegnung zusammen kommen. Hier entsteht neues Leben f\u00fcr Rheydt.<\/p>\n\n\n\n<p> Wenn der ZWISCHENRAUM Rheydt auf einmal nicht mehr da w\u00e4re, w\u00fcrde nicht nur ein Leerstand in der H\u00e4userzeile, sondern auch ein Leerstand im Gemeinschaftsgef\u00fchl von Rheydt entstehen. Denn in kurzer Zeit hat sich mit dem ZWISCHENRAUM Rheydt ein Ort etabliert, der Treff- und Bezugspunkt f\u00fcr viele Aktivit\u00e4ten geworden ist. <\/p>\n\n\n\n<p>Edmund<\/p>\n\n\n\n<p>Eine gute M\u00f6glichkeit meine Kunst in einer Kunstgalerie auszustellen und damit die Innenstadt zu bereichern.<\/p>\n\n\n\n<p>Gerrit<\/p>\n\n\n\n<p>Uli Wateler und der ZWISCHENRAUM bringt die Menschen auf der Hauptstra\u00dfe zusammen\nwie kein anderer. Er setzt sich unerm\u00fcdlich f\u00fcr die Belebung der Innenstadt ein\nund ohne ihn w\u00fcrde ein\ngro\u00dfes Loch entstehen.<\/p>\n\n\n\n<p>Christiane<\/p>\n\n\n\n<p>&#8230; Anlaufstelle mit ganz viel M\u00f6glichkeiten, &#8230; freundlich und inspirierend, Treffpunkt, &#8230; interessante Kunst &#8230; strahlt echte Motivation aus, in und f\u00fcr Rheydt etwas zu bewegen. <\/p>\n\n\n\n<p>Margarete<\/p>\n\n\n\n<p>&#8230; bedeutet f\u00fcr mich Kontakt mit netten, liebenswerten Menschen &#8230; Austausch von Gedanken und Ideen mit anderen &#8230; Ich werde mit meiner Kunst gesehen und wahrgenommen.<\/p>\n\n\n\n<p>Wenn der ZWISCHENRAUM nicht mehr w\u00e4re, dann w\u00e4re das ein gro\u00dfer sozialer und kultureller Verlust f\u00fcr die Menschen, die daran beteiligt sind und auch f\u00fcr den Stadtteil RY. <\/p>\n\n\n\n<p>Uschi<\/p>\n\n\n\n<p>&#8230; f\u00fcr mich ein ganz besonderer Ort. Hier kann ich abtauchen in eine Welt der Fantasie und Farben. Dabei entstehen f\u00fcr mich immer wieder neue Impulse und eine wohltuende Harmonie.<\/p>\n\n\n\n<p>Hildie<\/p>\n\n\n\n<p>.. Herz und die Seele von Rheydt. F\u00fcr mich ist er so etwas wie ein Ort der Geborgenheit, eine Oase der Menschlichkeit in einer egoistischer und r\u00fccksichtsloser werdenden Zeit. Der Name \u201cm@chingGENERATIONS\u201d ist Programm! Im Zwischenraum kommen aber nicht nur Menschen verschiedener Generationen zusammen, sondern auch Menschen verschiedener Herkunft, Hautfarbe und Nationalit\u00e4t. Wenn der Zwischenraum nicht mehr w\u00e4re, h\u00e4tte ich keinen Ort, an dem ich meine T\u00e4tigkeit als Bildungspatin aus\u00fcben k\u00f6nnte. Das w\u00e4re eine Katastrophe!\u201d<\/p>\n\n\n\n<p>Marius<\/p>\n\n\n\n<p>&#8230; schafft anspruchsvolle R\u00e4ume f\u00fcr Kunst und Kultur, ist niedrigschwelliger Anlaufpunkt zum Verweilen, bietet M\u00f6glichkeiten zum Arbeiten und f\u00fcr Produktivit\u00e4t. Dar\u00fcber hinaus findet im Zwischenraum ein hohes Ma\u00df an Vernetzungsarbeit statt und dient als Ideenwerkstatt Rheydter Akteure zur Entwicklung von Formaten die dem Umfeld zu Gute kommt. <\/p>\n\n\n\n<p>&#8230; steht f\u00fcr mich stellvertretend f\u00fcr den positiven Aufbruch des Stadtteils Rheydt und dient als wichtiger Anlaufpunkt f\u00fcr meine Arbeit als Stadtteilkoordinator.<\/p>\n\n\n\n<p>Christian<\/p>\n\n\n\n<p>.. ein Raum f\u00fcr Begegnungen und Gespr\u00e4che mit Personen, mit denen ich sonst keinen Kontakt gefunden h\u00e4tte. Diese Begegnungen erweitern meinen Horizont, gew\u00e4hren mir Einblick in das Leben anderer Menschen und sind anregend, lustig aber auch besinnlich. Dazu noch ein kreatives und kunstvolles Umfeld, das dazu einl\u00e4dt, Ideen Raum zu geben und sich auf Experimente einzulassen.<br> <\/p>\n\n\n\n<p>&#8230; Ein Grund in die Stadt zu gehen w\u00fcrde fehlen. Ein Ort, an dem sich Menschen aller Kulturen, Nationen, Geschlechter oder Herkunft treffen k\u00f6nnen, die die Werte Offenheit, Toleranz und Respekt teilen.<\/p>\n\n\n\n<p>Daniela<\/p>\n\n\n\n<p>Wenn mir alles zu viel wird, ich positiven Input und Best\u00e4rkung brauche, gehe ich zu Uli Wateler vom Zwischenraum. Er nimmt sich immer die Zeit, mir zuzuh\u00f6ren, entwickelt mit mir gemeinsam Strategien um Rheydt nach vorne zu bringen und ist ein sehr wichtiger und wertvoller Kollege f\u00fcr mich geworden. Daher w\u00e4re es f\u00fcr mich pers\u00f6nlich sehr schlimm, wenn es den Zwischenraum nicht mehr geben w\u00fcrde. Eigentlich sogar undenkbar.<\/p>\n\n\n\n<p><\/p>\n\n\n\n<hr class=\"wp-block-separator\"\/>\n\n\n\n<hr class=\"wp-block-separator\"\/>\n\n\n\n<hr class=\"wp-block-separator\"\/>\n\n\n\n<blockquote class=\"wp-block-quote is-style-large\"><p>&#8230; matchingGenerations l\u00f6ste eine Kettenreaktion von M\u00f6glichkeiten f\u00fcr uns aus &#8230;<\/p><cite>Vereinsvorstand Le Cri des Opprimes &#8211; Schrei der Unterdr\u00fcckten e.V.<br>Mieter c\/o ZWISCHENRAUM<\/cite><\/blockquote>\n\n\n\n<figure class=\"wp-container-4 wp-block-gallery-3 wp-block-gallery columns-1 is-cropped\"><ul class=\"blocks-gallery-grid\"><li class=\"blocks-gallery-item\"><figure><img loading=\"lazy\" width=\"1024\" height=\"768\" src=\"https:\/\/zwischenraum-rheydt.de\/wp-content\/uploads\/2020\/01\/le-cri-vorstand-1024x768.jpeg\" alt=\"\" data-id=\"42\" data-full-url=\"https:\/\/zwischenraum-rheydt.de\/wp-content\/uploads\/2020\/01\/le-cri-vorstand.jpeg\" data-link=\"https:\/\/zwischenraum-rheydt.de\/index.php\/stimmen-der-menschen\/le-cri-vorstand\/\" class=\"wp-image-42\" srcset=\"https:\/\/zwischenraum-rheydt.de\/wp-content\/uploads\/2020\/01\/le-cri-vorstand-1024x768.jpeg 1024w, https:\/\/zwischenraum-rheydt.de\/wp-content\/uploads\/2020\/01\/le-cri-vorstand-300x225.jpeg 300w, https:\/\/zwischenraum-rheydt.de\/wp-content\/uploads\/2020\/01\/le-cri-vorstand-768x576.jpeg 768w, https:\/\/zwischenraum-rheydt.de\/wp-content\/uploads\/2020\/01\/le-cri-vorstand-1200x900.jpeg 1200w, https:\/\/zwischenraum-rheydt.de\/wp-content\/uploads\/2020\/01\/le-cri-vorstand.jpeg 1296w\" sizes=\"(max-width: 1024px) 100vw, 1024px\" \/><\/figure><\/li><\/ul><figcaption class=\"blocks-gallery-caption\">Der Vereinsvorstand: Landu Malambu, Rebekka Vununu und Ngimbi Makambu<\/figcaption><\/figure>\n\n\n\n<hr class=\"wp-block-separator\"\/>\n\n\n\n<hr class=\"wp-block-separator\"\/>\n\n\n\n<hr class=\"wp-block-separator\"\/>\n\n\n\n<blockquote class=\"wp-block-quote is-style-large\"><p>Meine Frau Gabi und ich haben im Sommer 2020 in der Galerie ZWISCHENRAUM in M\u00f6nchengladbach-Rheydt eine Vielzahl von Bildern des kubanischen Malers V\u00c1ZQUEZ mit gro\u00dfem Erfolg pr\u00e4sentiert. Wir werden&nbsp;in der Zukunft diese Galerie gerne auch  anderen K\u00fcnstlern und Kunstsammlern empfehlen. <\/p><cite>Marek Rutkowski,   Arzt und Kunstsammler aus M\u00f6nchengladbach <br>Mieter c\/o ZWISCHENRAUM<\/cite><\/blockquote>\n\n\n\n<figure class=\"wp-container-6 wp-block-gallery-5 wp-block-gallery columns-0 is-cropped\"><ul class=\"blocks-gallery-grid\"><li class=\"blocks-gallery-item\"><figure><img loading=\"lazy\" width=\"1015\" height=\"1024\" src=\"https:\/\/zwischenraum-rheydt.de\/wp-content\/uploads\/2020\/10\/Stimmen-der-Menschen-ausscnitt-1015x1024.jpg\" alt=\"\" data-id=\"808\" data-full-url=\"https:\/\/zwischenraum-rheydt.de\/wp-content\/uploads\/2020\/10\/Stimmen-der-Menschen-ausscnitt.jpg\" data-link=\"https:\/\/zwischenraum-rheydt.de\/index.php\/stimmen-der-menschen\/stimmen-der-menschen-ausscnitt\/#main\" class=\"wp-image-808\" srcset=\"https:\/\/zwischenraum-rheydt.de\/wp-content\/uploads\/2020\/10\/Stimmen-der-Menschen-ausscnitt-1015x1024.jpg 1015w, https:\/\/zwischenraum-rheydt.de\/wp-content\/uploads\/2020\/10\/Stimmen-der-Menschen-ausscnitt-297x300.jpg 297w, https:\/\/zwischenraum-rheydt.de\/wp-content\/uploads\/2020\/10\/Stimmen-der-Menschen-ausscnitt-150x150.jpg 150w, https:\/\/zwischenraum-rheydt.de\/wp-content\/uploads\/2020\/10\/Stimmen-der-Menschen-ausscnitt-768x775.jpg 768w, https:\/\/zwischenraum-rheydt.de\/wp-content\/uploads\/2020\/10\/Stimmen-der-Menschen-ausscnitt-50x50.jpg 50w, https:\/\/zwischenraum-rheydt.de\/wp-content\/uploads\/2020\/10\/Stimmen-der-Menschen-ausscnitt.jpg 1189w\" sizes=\"(max-width: 1015px) 100vw, 1015px\" \/><\/figure><\/li><\/ul><figcaption class=\"blocks-gallery-caption\">Der Arzt und Kunstsammler  Marek Rutkowski  mit seiner Ehefrau Gaby  <\/figcaption><\/figure>\n\n\n\n<hr class=\"wp-block-separator\"\/>\n\n\n\n<hr class=\"wp-block-separator is-style-default\"\/>\n\n\n\n<hr class=\"wp-block-separator\"\/>\n\n\n\n<blockquote class=\"wp-block-quote is-style-large\"><p>Zwischenraum gibt mir die M\u00f6glichkeit, mich darzustellen und Kunden professionell zu empfangen<\/p><cite>Werner Albrecht, Bildhauer-Meister und Fashion-Design-Artist<br>Mieter c\/o ZWISCHENRAUM <\/cite><\/blockquote>\n<\/div><\/div>\n\n\n\n<figure class=\"wp-container-9 wp-block-gallery-8 wp-block-gallery columns-1 is-cropped\"><ul class=\"blocks-gallery-grid\"><li class=\"blocks-gallery-item\"><figure><img loading=\"lazy\" width=\"768\" height=\"1024\" src=\"https:\/\/zwischenraum-rheydt.de\/wp-content\/uploads\/2020\/01\/Werner_A.jpeg\" alt=\"\" data-id=\"44\" data-full-url=\"https:\/\/zwischenraum-rheydt.de\/wp-content\/uploads\/2020\/01\/Werner_A.jpeg\" data-link=\"https:\/\/zwischenraum-rheydt.de\/index.php\/stimmen-der-menschen\/werner_a\/\" class=\"wp-image-44\" srcset=\"https:\/\/zwischenraum-rheydt.de\/wp-content\/uploads\/2020\/01\/Werner_A.jpeg 768w, https:\/\/zwischenraum-rheydt.de\/wp-content\/uploads\/2020\/01\/Werner_A-225x300.jpeg 225w\" sizes=\"(max-width: 768px) 100vw, 768px\" \/><\/figure><\/li><\/ul><\/figure>\n\n\n\n<hr class=\"wp-block-separator\"\/>\n\n\n\n<hr class=\"wp-block-separator\"\/>\n\n\n\n<hr class=\"wp-block-separator\"\/>\n\n\n\n<blockquote class=\"wp-block-quote is-style-large\"><p>Als \u00e4lterer Nachwuchsk\u00fcnstler in der M\u00f6nchengladbacher Kunstszene habe ich in der Galerie ZWISCHENRAUM Rheydt Hauptstra\u00dfe ein w\u00fcrdiges Ausstellungsdomizil gefunden. <\/p><cite>Edmund Zemanek, Kreative Holzarbeiten und andere Kunst<br>Mieter c\/o ZWISCHENRAUM <\/cite><\/blockquote>\n\n\n\n<figure class=\"wp-block-image size-large\"><img loading=\"lazy\" width=\"768\" height=\"1024\" src=\"https:\/\/zwischenraum-rheydt.de\/wp-content\/uploads\/2020\/01\/Ed_Z-768x1024.jpeg\" alt=\"\" class=\"wp-image-50\" srcset=\"https:\/\/zwischenraum-rheydt.de\/wp-content\/uploads\/2020\/01\/Ed_Z-768x1024.jpeg 768w, https:\/\/zwischenraum-rheydt.de\/wp-content\/uploads\/2020\/01\/Ed_Z-225x300.jpeg 225w, https:\/\/zwischenraum-rheydt.de\/wp-content\/uploads\/2020\/01\/Ed_Z-1152x1536.jpeg 1152w, https:\/\/zwischenraum-rheydt.de\/wp-content\/uploads\/2020\/01\/Ed_Z.jpeg 1200w\" sizes=\"(max-width: 768px) 100vw, 768px\" \/><figcaption>Edmund Zemanek, NachwuchsK\u00fcnstler<br>Mieter c\/o ZWISCHENRAUM <\/figcaption><\/figure>\n\n\n\n<hr class=\"wp-block-separator\"\/>\n\n\n\n<hr class=\"wp-block-separator\"\/>\n\n\n\n<hr class=\"wp-block-separator\"\/>\n\n\n\n<blockquote class=\"wp-block-quote is-style-large\"><p>Ich finde es besonders gut, dass hier Menschen &#8211; egal welcher Nation &#8211; ohne Vorurteile freundlich aufgenommen werden. K\u00fcnstler und auch Menschen, die es werden m\u00f6chten, haben hier optimale M\u00f6glichkeiten, sich zu pr\u00e4sentieren.<\/p><cite>Karl-Heinz Poos, Raumausstattung &#8211; Beratung &#8211; Accessoirs<\/cite><\/blockquote>\n\n\n\n<figure class=\"wp-block-image size-large\"><img loading=\"lazy\" width=\"1024\" height=\"760\" src=\"https:\/\/zwischenraum-rheydt.de\/wp-content\/uploads\/2020\/02\/Karl-Heinz_Poos-1024x760.jpg\" alt=\"\" class=\"wp-image-371\" srcset=\"https:\/\/zwischenraum-rheydt.de\/wp-content\/uploads\/2020\/02\/Karl-Heinz_Poos-1024x760.jpg 1024w, https:\/\/zwischenraum-rheydt.de\/wp-content\/uploads\/2020\/02\/Karl-Heinz_Poos-300x223.jpg 300w, https:\/\/zwischenraum-rheydt.de\/wp-content\/uploads\/2020\/02\/Karl-Heinz_Poos-768x570.jpg 768w, https:\/\/zwischenraum-rheydt.de\/wp-content\/uploads\/2020\/02\/Karl-Heinz_Poos.jpg 1066w\" sizes=\"(max-width: 1024px) 100vw, 1024px\" \/><figcaption>Karl-Heinz Poos, Raumausstattermeister <br> Mieter c\/o ZWISCHENRAUM<\/figcaption><\/figure>\n\n\n\n<hr class=\"wp-block-separator\"\/>\n","protected":false},"excerpt":{"rendered":"<p>&#8230; unsere Ank\u00fcndigung, dass wir Hilfe brauchen, um das Projekt ZWISCHENRAUM Rheydt auch 2022 und dar\u00fcber hinaus fortf\u00fchren zu k\u00f6nnen, l\u00f6ste viele Emotionen aus &#8230; Uli Wateler, GF der matchingGenerations GmbH &amp; Co. KGDer Mensch hinter dem ZWISCHENRAUM Unsere Fragen&hellip; <a href=\"https:\/\/zwischenraum-rheydt.de\/index.php\/stimmen-der-menschen\/\" class=\"more-link\">Weiterlesen <span class=\"meta-nav\">&rarr;<\/span><\/a><\/p>\n","protected":false},"author":1,"featured_media":0,"parent":0,"menu_order":0,"comment_status":"closed","ping_status":"closed","template":"","meta":[],"yoast_head":"<!-- This site is optimized with the Yoast SEO plugin v19.3 - https:\/\/yoast.com\/wordpress\/plugins\/seo\/ -->\n<title>Stimmen der Menschen - Zwischenraum Rheydt<\/title>\n<meta name=\"robots\" content=\"index, follow, max-snippet:-1, max-image-preview:large, max-video-preview:-1\" \/>\n<link rel=\"canonical\" href=\"https:\/\/zwischenraum-rheydt.de\/index.php\/stimmen-der-menschen\/\" \/>\n<meta property=\"og:locale\" content=\"de_DE\" \/>\n<meta property=\"og:type\" content=\"article\" \/>\n<meta property=\"og:title\" content=\"Stimmen der Menschen - Zwischenraum Rheydt\" \/>\n<meta property=\"og:description\" content=\"&#8230; unsere Ank\u00fcndigung, dass wir Hilfe brauchen, um das Projekt ZWISCHENRAUM Rheydt auch 2022 und dar\u00fcber hinaus fortf\u00fchren zu k\u00f6nnen, l\u00f6ste viele Emotionen aus &#8230; Uli Wateler, GF der matchingGenerations GmbH &amp; Co. KGDer Mensch hinter dem ZWISCHENRAUM Unsere Fragen&hellip; Weiterlesen &rarr;\" \/>\n<meta property=\"og:url\" content=\"https:\/\/zwischenraum-rheydt.de\/index.php\/stimmen-der-menschen\/\" \/>\n<meta property=\"og:site_name\" content=\"Zwischenraum Rheydt\" \/>\n<meta property=\"article:modified_time\" content=\"2022-03-20T10:38:55+00:00\" \/>\n<meta property=\"og:image\" content=\"https:\/\/zwischenraum-rheydt.de\/wp-content\/uploads\/2022\/03\/Crowfunding-Feedbackphase-1024x762.png\" \/>\n<meta name=\"twitter:card\" content=\"summary_large_image\" \/>\n<meta name=\"twitter:label1\" content=\"Gesch\u00e4tzte Lesezeit\" \/>\n\t<meta name=\"twitter:data1\" content=\"5\u00a0Minuten\" \/>\n<script type=\"application\/ld+json\" class=\"yoast-schema-graph\">{\"@context\":\"https:\/\/schema.org\",\"@graph\":[{\"@type\":\"Organization\",\"@id\":\"https:\/\/zwischenraum-rheydt.de\/#organization\",\"name\":\"matchingGenerations GmbH & Co. KG\",\"url\":\"https:\/\/zwischenraum-rheydt.de\/\",\"sameAs\":[],\"logo\":{\"@type\":\"ImageObject\",\"inLanguage\":\"de\",\"@id\":\"https:\/\/zwischenraum-rheydt.de\/#\/schema\/logo\/image\/\",\"url\":\"https:\/\/zwischenraum-rheydt.de\/wp-content\/uploads\/2020\/01\/logo-zr-neu.png\",\"contentUrl\":\"https:\/\/zwischenraum-rheydt.de\/wp-content\/uploads\/2020\/01\/logo-zr-neu.png\",\"width\":975,\"height\":319,\"caption\":\"matchingGenerations GmbH & Co. KG\"},\"image\":{\"@id\":\"https:\/\/zwischenraum-rheydt.de\/#\/schema\/logo\/image\/\"}},{\"@type\":\"WebSite\",\"@id\":\"https:\/\/zwischenraum-rheydt.de\/#website\",\"url\":\"https:\/\/zwischenraum-rheydt.de\/\",\"name\":\"Zwischenraum Rheydt\",\"description\":\"\",\"publisher\":{\"@id\":\"https:\/\/zwischenraum-rheydt.de\/#organization\"},\"potentialAction\":[{\"@type\":\"SearchAction\",\"target\":{\"@type\":\"EntryPoint\",\"urlTemplate\":\"https:\/\/zwischenraum-rheydt.de\/?s={search_term_string}\"},\"query-input\":\"required name=search_term_string\"}],\"inLanguage\":\"de\"},{\"@type\":\"ImageObject\",\"inLanguage\":\"de\",\"@id\":\"https:\/\/zwischenraum-rheydt.de\/index.php\/stimmen-der-menschen\/#primaryimage\",\"url\":\"https:\/\/zwischenraum-rheydt.de\/wp-content\/uploads\/2022\/03\/Crowfunding-Feedbackphase.png\",\"contentUrl\":\"https:\/\/zwischenraum-rheydt.de\/wp-content\/uploads\/2022\/03\/Crowfunding-Feedbackphase.png\",\"width\":1100,\"height\":819},{\"@type\":\"WebPage\",\"@id\":\"https:\/\/zwischenraum-rheydt.de\/index.php\/stimmen-der-menschen\/\",\"url\":\"https:\/\/zwischenraum-rheydt.de\/index.php\/stimmen-der-menschen\/\",\"name\":\"Stimmen der Menschen - Zwischenraum Rheydt\",\"isPartOf\":{\"@id\":\"https:\/\/zwischenraum-rheydt.de\/#website\"},\"primaryImageOfPage\":{\"@id\":\"https:\/\/zwischenraum-rheydt.de\/index.php\/stimmen-der-menschen\/#primaryimage\"},\"datePublished\":\"2020-01-21T13:16:38+00:00\",\"dateModified\":\"2022-03-20T10:38:55+00:00\",\"breadcrumb\":{\"@id\":\"https:\/\/zwischenraum-rheydt.de\/index.php\/stimmen-der-menschen\/#breadcrumb\"},\"inLanguage\":\"de\",\"potentialAction\":[{\"@type\":\"ReadAction\",\"target\":[\"https:\/\/zwischenraum-rheydt.de\/index.php\/stimmen-der-menschen\/\"]}]},{\"@type\":\"BreadcrumbList\",\"@id\":\"https:\/\/zwischenraum-rheydt.de\/index.php\/stimmen-der-menschen\/#breadcrumb\",\"itemListElement\":[{\"@type\":\"ListItem\",\"position\":1,\"name\":\"Startseite\",\"item\":\"https:\/\/zwischenraum-rheydt.de\/\"},{\"@type\":\"ListItem\",\"position\":2,\"name\":\"Stimmen der Menschen\"}]}]}<\/script>\n<!-- \/ Yoast SEO plugin. -->","yoast_head_json":{"title":"Stimmen der Menschen - Zwischenraum Rheydt","robots":{"index":"index","follow":"follow","max-snippet":"max-snippet:-1","max-image-preview":"max-image-preview:large","max-video-preview":"max-video-preview:-1"},"canonical":"https:\/\/zwischenraum-rheydt.de\/index.php\/stimmen-der-menschen\/","og_locale":"de_DE","og_type":"article","og_title":"Stimmen der Menschen - Zwischenraum Rheydt","og_description":"&#8230; unsere Ank\u00fcndigung, dass wir Hilfe brauchen, um das Projekt ZWISCHENRAUM Rheydt auch 2022 und dar\u00fcber hinaus fortf\u00fchren zu k\u00f6nnen, l\u00f6ste viele Emotionen aus &#8230; Uli Wateler, GF der matchingGenerations GmbH &amp; Co. KGDer Mensch hinter dem ZWISCHENRAUM Unsere Fragen&hellip; Weiterlesen &rarr;","og_url":"https:\/\/zwischenraum-rheydt.de\/index.php\/stimmen-der-menschen\/","og_site_name":"Zwischenraum Rheydt","article_modified_time":"2022-03-20T10:38:55+00:00","og_image":[{"url":"https:\/\/zwischenraum-rheydt.de\/wp-content\/uploads\/2022\/03\/Crowfunding-Feedbackphase-1024x762.png"}],"twitter_card":"summary_large_image","twitter_misc":{"Gesch\u00e4tzte Lesezeit":"5\u00a0Minuten"},"schema":{"@context":"https:\/\/schema.org","@graph":[{"@type":"Organization","@id":"https:\/\/zwischenraum-rheydt.de\/#organization","name":"matchingGenerations GmbH & Co. KG","url":"https:\/\/zwischenraum-rheydt.de\/","sameAs":[],"logo":{"@type":"ImageObject","inLanguage":"de","@id":"https:\/\/zwischenraum-rheydt.de\/#\/schema\/logo\/image\/","url":"https:\/\/zwischenraum-rheydt.de\/wp-content\/uploads\/2020\/01\/logo-zr-neu.png","contentUrl":"https:\/\/zwischenraum-rheydt.de\/wp-content\/uploads\/2020\/01\/logo-zr-neu.png","width":975,"height":319,"caption":"matchingGenerations GmbH & Co. KG"},"image":{"@id":"https:\/\/zwischenraum-rheydt.de\/#\/schema\/logo\/image\/"}},{"@type":"WebSite","@id":"https:\/\/zwischenraum-rheydt.de\/#website","url":"https:\/\/zwischenraum-rheydt.de\/","name":"Zwischenraum Rheydt","description":"","publisher":{"@id":"https:\/\/zwischenraum-rheydt.de\/#organization"},"potentialAction":[{"@type":"SearchAction","target":{"@type":"EntryPoint","urlTemplate":"https:\/\/zwischenraum-rheydt.de\/?s={search_term_string}"},"query-input":"required name=search_term_string"}],"inLanguage":"de"},{"@type":"ImageObject","inLanguage":"de","@id":"https:\/\/zwischenraum-rheydt.de\/index.php\/stimmen-der-menschen\/#primaryimage","url":"https:\/\/zwischenraum-rheydt.de\/wp-content\/uploads\/2022\/03\/Crowfunding-Feedbackphase.png","contentUrl":"https:\/\/zwischenraum-rheydt.de\/wp-content\/uploads\/2022\/03\/Crowfunding-Feedbackphase.png","width":1100,"height":819},{"@type":"WebPage","@id":"https:\/\/zwischenraum-rheydt.de\/index.php\/stimmen-der-menschen\/","url":"https:\/\/zwischenraum-rheydt.de\/index.php\/stimmen-der-menschen\/","name":"Stimmen der Menschen - Zwischenraum Rheydt","isPartOf":{"@id":"https:\/\/zwischenraum-rheydt.de\/#website"},"primaryImageOfPage":{"@id":"https:\/\/zwischenraum-rheydt.de\/index.php\/stimmen-der-menschen\/#primaryimage"},"datePublished":"2020-01-21T13:16:38+00:00","dateModified":"2022-03-20T10:38:55+00:00","breadcrumb":{"@id":"https:\/\/zwischenraum-rheydt.de\/index.php\/stimmen-der-menschen\/#breadcrumb"},"inLanguage":"de","potentialAction":[{"@type":"ReadAction","target":["https:\/\/zwischenraum-rheydt.de\/index.php\/stimmen-der-menschen\/"]}]},{"@type":"BreadcrumbList","@id":"https:\/\/zwischenraum-rheydt.de\/index.php\/stimmen-der-menschen\/#breadcrumb","itemListElement":[{"@type":"ListItem","position":1,"name":"Startseite","item":"https:\/\/zwischenraum-rheydt.de\/"},{"@type":"ListItem","position":2,"name":"Stimmen der Menschen"}]}]}},"_links":{"self":[{"href":"https:\/\/zwischenraum-rheydt.de\/index.php\/wp-json\/wp\/v2\/pages\/23"}],"collection":[{"href":"https:\/\/zwischenraum-rheydt.de\/index.php\/wp-json\/wp\/v2\/pages"}],"about":[{"href":"https:\/\/zwischenraum-rheydt.de\/index.php\/wp-json\/wp\/v2\/types\/page"}],"author":[{"embeddable":true,"href":"https:\/\/zwischenraum-rheydt.de\/index.php\/wp-json\/wp\/v2\/users\/1"}],"replies":[{"embeddable":true,"href":"https:\/\/zwischenraum-rheydt.de\/index.php\/wp-json\/wp\/v2\/comments?post=23"}],"version-history":[{"count":22,"href":"https:\/\/zwischenraum-rheydt.de\/index.php\/wp-json\/wp\/v2\/pages\/23\/revisions"}],"predecessor-version":[{"id":1150,"href":"https:\/\/zwischenraum-rheydt.de\/index.php\/wp-json\/wp\/v2\/pages\/23\/revisions\/1150"}],"wp:attachment":[{"href":"https:\/\/zwischenraum-rheydt.de\/index.php\/wp-json\/wp\/v2\/media?parent=23"}],"curies":[{"name":"wp","href":"https:\/\/api.w.org\/{rel}","templated":true}]}}