{"id":9,"date":"2020-01-18T18:51:00","date_gmt":"2020-01-18T18:51:00","guid":{"rendered":"https:\/\/zwischenraum-rheydt.de\/?page_id=9"},"modified":"2020-02-01T17:06:54","modified_gmt":"2020-02-01T17:06:54","slug":"test","status":"publish","type":"page","link":"https:\/\/zwischenraum-rheydt.de\/index.php\/test\/","title":{"rendered":"Portfolio"},"content":{"rendered":"\n<p>Qualitativ hochwertige Belebung f\u00fcr die Hauptstra\u00dfe in Rheydt \u2013 das verspricht der ZWISCHENRAUM. Betrieben von der matchingGenerations GmbH &amp; Co. KG, erg\u00e4nzt das Projekt die im matchingPoint Rheydt begonnenen, \u00fcberwiegend sozialen Aktivit\u00e4ten des Unternehmens. Im ZWISCHENRAUM k\u00f6nnen nun auch Schreibtische, R\u00e4ume und Ausstellungsfl\u00e4chen flexibel gebucht werden. Kaffeek\u00fcche, Lounges, Pr\u00e4sentations-, Workshop und Besprechungsr\u00e4ume sind vorhanden und Services wie WLAN,  Printmedien-Service, Postservice oder Catering runden das erweiterte Angebot von matchingGenrations ab. <\/p>\n\n\n\n<p>Z.B. Freiberufler, Kleinunternehmer, K\u00fcnstler, Vereine und Interessengemeinschaften k\u00f6nnen sich im ZwischenRaum in zentraler Lage untereinander st\u00e4rken und vernetzen. Durch die ansprechende Gestaltung bieten sich die R\u00e4ume gerade auch f\u00fcr anspruchsvolle Veranstaltungen an. <\/p>\n\n\n\n<p><a href=\"https:\/\/zwischenraum-rheydt.de\/index.php\/category\/portfolio\/raeume-auf-zeit\/\">VERMIETUNG R\u00c4UME AUF ZEIT<\/a><\/p>\n\n\n\n<ul><li>Arbeitspl\u00e4tze z.B. pro Tag, pro Monat, pro Quartal<\/li><li>Arbeits- und Verkaufsfl\u00e4chen<\/li><li>Lounges<\/li><li>Veranstaltungs-, Besprechungs- und Workshop-R\u00e4ume<\/li><li>Pr\u00e4sentationsr\u00e4ume und -fl\u00e4chen<\/li><li> Services (WLAN, Druckservice, Postservice,&nbsp; Catering, \u2026)  <\/li><\/ul>\n\n\n\n<div class=\"wp-container-2 wp-block-group\"><div class=\"wp-block-group__inner-container\">\n<div class=\"wp-container-1 wp-block-group\"><div class=\"wp-block-group__inner-container\">\n<p><a href=\"https:\/\/zwischenraum-rheydt.de\/index.php\/category\/portfolio\/kunst\/\">KUNST<\/a><\/p>\n\n\n\n<ul><li>Verkauf &amp; Vermittlung von Kunstwerken<\/li><li>Vermietung von Ausstellungs- und\nPr\u00e4sentationsfl\u00e4chen<\/li><li>Werbe-Unterst\u00fctzung f\u00fcr K\u00fcnstler (Print-Medien \/\nWeb-Medien)<\/li><li>Kunst-Workshops<\/li><li>Networking<\/li><\/ul>\n<\/div><\/div>\n<\/div><\/div>\n\n\n\n<p><a href=\"https:\/\/zwischenraum-rheydt.de\/index.php\/category\/portfolio\/lebenshilfe\/\">LEBENSHILFE<\/a><\/p>\n\n\n\n<ul><li>R\u00e4ume zur Begegnung der Generationen<\/li><li>Austausch zwischen Wertegemeinschaften<\/li><li>Organisation und Umsetzung von Alltagsaufgaben<\/li><li>Vermittlung von Helfern und Experten<\/li><li>Helfen und Hilfe annehmen \/ Networking<\/li><\/ul>\n\n\n\n<p><a href=\"https:\/\/zwischenraum-rheydt.de\/index.php\/category\/portfolio\/beratung-vermittlung\/\">BERATUNG &amp; VERMITTLUNG<\/a><\/p>\n\n\n\n<ul><li>Bereich Kommunikation &amp; Information&nbsp; ( Print-Medien \/ Web-Medien \/ direkt)<\/li><li>Bereich Organisationsentwicklung<\/li><li>Bereich Talententwicklung<\/li><li>Vermittlung von Experten <\/li><li>Networking<\/li><\/ul>\n\n\n\n<p> <\/p>\n\n\n\n<p><\/p>\n","protected":false},"excerpt":{"rendered":"<p>VERMIETUNG R\u00c4UME AUF ZEIT Arbeitspl\u00e4tze z.B. pro Tag, pro Monat, pro Quartal Arbeits- und Verkaufsfl\u00e4chen Lounges Veranstaltungs-, Besprechungs- und Workshop-R\u00e4ume Pr\u00e4sentationsr\u00e4ume und -fl\u00e4chen Services (WLAN, Druckservice, Postservice,&nbsp; Catering, \u2026) KUNST Verkauf &amp; Vermittlung von Kunstwerken Vermietung von Ausstellungs- und Pr\u00e4sentationsfl\u00e4chen&hellip; <a href=\"https:\/\/zwischenraum-rheydt.de\/index.php\/test\/\" class=\"more-link\">Weiterlesen <span class=\"meta-nav\">&rarr;<\/span><\/a><\/p>\n","protected":false},"author":1,"featured_media":0,"parent":0,"menu_order":0,"comment_status":"closed","ping_status":"closed","template":"","meta":[],"yoast_head":"<!-- This site is optimized with the Yoast SEO plugin v19.3 - https:\/\/yoast.com\/wordpress\/plugins\/seo\/ -->\n<title>Portfolio - Zwischenraum Rheydt<\/title>\n<meta name=\"robots\" content=\"index, follow, max-snippet:-1, max-image-preview:large, max-video-preview:-1\" \/>\n<link rel=\"canonical\" href=\"https:\/\/zwischenraum-rheydt.de\/index.php\/test\/\" \/>\n<meta property=\"og:locale\" content=\"de_DE\" \/>\n<meta property=\"og:type\" content=\"article\" \/>\n<meta property=\"og:title\" content=\"Portfolio - Zwischenraum Rheydt\" \/>\n<meta property=\"og:description\" content=\"VERMIETUNG R\u00c4UME AUF ZEIT Arbeitspl\u00e4tze z.B. pro Tag, pro Monat, pro Quartal Arbeits- und Verkaufsfl\u00e4chen Lounges Veranstaltungs-, Besprechungs- und Workshop-R\u00e4ume Pr\u00e4sentationsr\u00e4ume und -fl\u00e4chen Services (WLAN, Druckservice, Postservice,&nbsp; Catering, \u2026) KUNST Verkauf &amp; Vermittlung von Kunstwerken Vermietung von Ausstellungs- und Pr\u00e4sentationsfl\u00e4chen&hellip; Weiterlesen &rarr;\" \/>\n<meta property=\"og:url\" content=\"https:\/\/zwischenraum-rheydt.de\/index.php\/test\/\" \/>\n<meta property=\"og:site_name\" content=\"Zwischenraum Rheydt\" \/>\n<meta property=\"article:modified_time\" content=\"2020-02-01T17:06:54+00:00\" \/>\n<meta name=\"twitter:card\" content=\"summary_large_image\" \/>\n<script type=\"application\/ld+json\" class=\"yoast-schema-graph\">{\"@context\":\"https:\/\/schema.org\",\"@graph\":[{\"@type\":\"Organization\",\"@id\":\"https:\/\/zwischenraum-rheydt.de\/#organization\",\"name\":\"matchingGenerations GmbH & Co. KG\",\"url\":\"https:\/\/zwischenraum-rheydt.de\/\",\"sameAs\":[],\"logo\":{\"@type\":\"ImageObject\",\"inLanguage\":\"de\",\"@id\":\"https:\/\/zwischenraum-rheydt.de\/#\/schema\/logo\/image\/\",\"url\":\"https:\/\/zwischenraum-rheydt.de\/wp-content\/uploads\/2020\/01\/logo-zr-neu.png\",\"contentUrl\":\"https:\/\/zwischenraum-rheydt.de\/wp-content\/uploads\/2020\/01\/logo-zr-neu.png\",\"width\":975,\"height\":319,\"caption\":\"matchingGenerations GmbH & Co. KG\"},\"image\":{\"@id\":\"https:\/\/zwischenraum-rheydt.de\/#\/schema\/logo\/image\/\"}},{\"@type\":\"WebSite\",\"@id\":\"https:\/\/zwischenraum-rheydt.de\/#website\",\"url\":\"https:\/\/zwischenraum-rheydt.de\/\",\"name\":\"Zwischenraum Rheydt\",\"description\":\"\",\"publisher\":{\"@id\":\"https:\/\/zwischenraum-rheydt.de\/#organization\"},\"potentialAction\":[{\"@type\":\"SearchAction\",\"target\":{\"@type\":\"EntryPoint\",\"urlTemplate\":\"https:\/\/zwischenraum-rheydt.de\/?s={search_term_string}\"},\"query-input\":\"required name=search_term_string\"}],\"inLanguage\":\"de\"},{\"@type\":\"WebPage\",\"@id\":\"https:\/\/zwischenraum-rheydt.de\/index.php\/test\/\",\"url\":\"https:\/\/zwischenraum-rheydt.de\/index.php\/test\/\",\"name\":\"Portfolio - Zwischenraum Rheydt\",\"isPartOf\":{\"@id\":\"https:\/\/zwischenraum-rheydt.de\/#website\"},\"datePublished\":\"2020-01-18T18:51:00+00:00\",\"dateModified\":\"2020-02-01T17:06:54+00:00\",\"breadcrumb\":{\"@id\":\"https:\/\/zwischenraum-rheydt.de\/index.php\/test\/#breadcrumb\"},\"inLanguage\":\"de\",\"potentialAction\":[{\"@type\":\"ReadAction\",\"target\":[\"https:\/\/zwischenraum-rheydt.de\/index.php\/test\/\"]}]},{\"@type\":\"BreadcrumbList\",\"@id\":\"https:\/\/zwischenraum-rheydt.de\/index.php\/test\/#breadcrumb\",\"itemListElement\":[{\"@type\":\"ListItem\",\"position\":1,\"name\":\"Startseite\",\"item\":\"https:\/\/zwischenraum-rheydt.de\/\"},{\"@type\":\"ListItem\",\"position\":2,\"name\":\"Portfolio\"}]}]}<\/script>\n<!-- \/ Yoast SEO plugin. -->","yoast_head_json":{"title":"Portfolio - Zwischenraum Rheydt","robots":{"index":"index","follow":"follow","max-snippet":"max-snippet:-1","max-image-preview":"max-image-preview:large","max-video-preview":"max-video-preview:-1"},"canonical":"https:\/\/zwischenraum-rheydt.de\/index.php\/test\/","og_locale":"de_DE","og_type":"article","og_title":"Portfolio - Zwischenraum Rheydt","og_description":"VERMIETUNG R\u00c4UME AUF ZEIT Arbeitspl\u00e4tze z.B. pro Tag, pro Monat, pro Quartal Arbeits- und Verkaufsfl\u00e4chen Lounges Veranstaltungs-, Besprechungs- und Workshop-R\u00e4ume Pr\u00e4sentationsr\u00e4ume und -fl\u00e4chen Services (WLAN, Druckservice, Postservice,&nbsp; Catering, \u2026) KUNST Verkauf &amp; Vermittlung von Kunstwerken Vermietung von Ausstellungs- und Pr\u00e4sentationsfl\u00e4chen&hellip; Weiterlesen &rarr;","og_url":"https:\/\/zwischenraum-rheydt.de\/index.php\/test\/","og_site_name":"Zwischenraum Rheydt","article_modified_time":"2020-02-01T17:06:54+00:00","twitter_card":"summary_large_image","schema":{"@context":"https:\/\/schema.org","@graph":[{"@type":"Organization","@id":"https:\/\/zwischenraum-rheydt.de\/#organization","name":"matchingGenerations GmbH & Co. KG","url":"https:\/\/zwischenraum-rheydt.de\/","sameAs":[],"logo":{"@type":"ImageObject","inLanguage":"de","@id":"https:\/\/zwischenraum-rheydt.de\/#\/schema\/logo\/image\/","url":"https:\/\/zwischenraum-rheydt.de\/wp-content\/uploads\/2020\/01\/logo-zr-neu.png","contentUrl":"https:\/\/zwischenraum-rheydt.de\/wp-content\/uploads\/2020\/01\/logo-zr-neu.png","width":975,"height":319,"caption":"matchingGenerations GmbH & Co. KG"},"image":{"@id":"https:\/\/zwischenraum-rheydt.de\/#\/schema\/logo\/image\/"}},{"@type":"WebSite","@id":"https:\/\/zwischenraum-rheydt.de\/#website","url":"https:\/\/zwischenraum-rheydt.de\/","name":"Zwischenraum Rheydt","description":"","publisher":{"@id":"https:\/\/zwischenraum-rheydt.de\/#organization"},"potentialAction":[{"@type":"SearchAction","target":{"@type":"EntryPoint","urlTemplate":"https:\/\/zwischenraum-rheydt.de\/?s={search_term_string}"},"query-input":"required name=search_term_string"}],"inLanguage":"de"},{"@type":"WebPage","@id":"https:\/\/zwischenraum-rheydt.de\/index.php\/test\/","url":"https:\/\/zwischenraum-rheydt.de\/index.php\/test\/","name":"Portfolio - Zwischenraum Rheydt","isPartOf":{"@id":"https:\/\/zwischenraum-rheydt.de\/#website"},"datePublished":"2020-01-18T18:51:00+00:00","dateModified":"2020-02-01T17:06:54+00:00","breadcrumb":{"@id":"https:\/\/zwischenraum-rheydt.de\/index.php\/test\/#breadcrumb"},"inLanguage":"de","potentialAction":[{"@type":"ReadAction","target":["https:\/\/zwischenraum-rheydt.de\/index.php\/test\/"]}]},{"@type":"BreadcrumbList","@id":"https:\/\/zwischenraum-rheydt.de\/index.php\/test\/#breadcrumb","itemListElement":[{"@type":"ListItem","position":1,"name":"Startseite","item":"https:\/\/zwischenraum-rheydt.de\/"},{"@type":"ListItem","position":2,"name":"Portfolio"}]}]}},"_links":{"self":[{"href":"https:\/\/zwischenraum-rheydt.de\/index.php\/wp-json\/wp\/v2\/pages\/9"}],"collection":[{"href":"https:\/\/zwischenraum-rheydt.de\/index.php\/wp-json\/wp\/v2\/pages"}],"about":[{"href":"https:\/\/zwischenraum-rheydt.de\/index.php\/wp-json\/wp\/v2\/types\/page"}],"author":[{"embeddable":true,"href":"https:\/\/zwischenraum-rheydt.de\/index.php\/wp-json\/wp\/v2\/users\/1"}],"replies":[{"embeddable":true,"href":"https:\/\/zwischenraum-rheydt.de\/index.php\/wp-json\/wp\/v2\/comments?post=9"}],"version-history":[{"count":7,"href":"https:\/\/zwischenraum-rheydt.de\/index.php\/wp-json\/wp\/v2\/pages\/9\/revisions"}],"predecessor-version":[{"id":267,"href":"https:\/\/zwischenraum-rheydt.de\/index.php\/wp-json\/wp\/v2\/pages\/9\/revisions\/267"}],"wp:attachment":[{"href":"https:\/\/zwischenraum-rheydt.de\/index.php\/wp-json\/wp\/v2\/media?parent=9"}],"curies":[{"name":"wp","href":"https:\/\/api.w.org\/{rel}","templated":true}]}}